{"id":1187,"date":"2026-02-27T20:10:31","date_gmt":"2026-02-27T20:10:31","guid":{"rendered":"https:\/\/aprestursms.org.ar\/web\/?page_id=1187"},"modified":"2026-05-06T15:42:22","modified_gmt":"2026-05-06T15:42:22","slug":"socios","status":"publish","type":"page","link":"https:\/\/aprestursms.org.ar\/web\/socios\/","title":{"rendered":"Socios"},"content":{"rendered":"\t\t<div data-elementor-type=\"wp-page\" data-elementor-id=\"1187\" class=\"elementor elementor-1187\">\n\t\t\t\t<div class=\"elementor-element elementor-element-7f06dbd e-con-full e-flex e-con e-parent\" data-id=\"7f06dbd\" data-element_type=\"container\">\n\t\t<div class=\"elementor-element elementor-element-a4e5416 e-con-full e-flex e-con e-child\" data-id=\"a4e5416\" data-element_type=\"container\">\n\t\t\t\t<div class=\"elementor-element elementor-element-6db6476 elementor-widget elementor-widget-gva-listings-map-filter\" data-id=\"6db6476\" data-element_type=\"widget\" data-widget_type=\"gva-listings-map-filter.default\">\n\t\t\t\t<div class=\"elementor-widget-container\">\n\t\t\t\t\t<div class=\"gva-element-gva-listings-map-filter gva-element\">\r\n<div class=\"gva-listings-grid grid-pbow\">\r\n\t<div class=\"lt-main-page-content lt-wrap_layout-half_map\"> \r\n      \r\n      \r\n      <div class=\"lt-map-filter-wrap\">\r\n         <div class=\"job_listings\" data-location=\"\" data-keywords=\"\" data-show_filters=\"true\" data-show_pagination=\"false\" data-per_page=\"50\" data-orderby=\"featured\" data-order=\"DESC\" data-categories=\"\" data-disable-form-state-storage=\"\" data-featured_first=\"false\" data-post_id=\"1187\" ><div class=\"lt--map-layout lt--warpper\"><div class=\"lt--content-inner show-content\"><div class=\"lt-layout-row half_map-row style-half_map\"><a href=\"#\" class=\"lt-mobile-search-view lt-mobile-control\"><i class=\"fas fa-search\"><\/i>Filters<\/a><div class=\"half_map-col col-map lt--map-content ajax-loading-map\" id=\"lt-map-4750\"><a href=\"#lt-content-4750\" class=\"lt-mobile-content-view lt-mobile-control\"><i class=\"fas fa-th-large\"><\/i>Content View<\/a><div class=\"map-full-height map-sticky listing-map-sticky\"><div id=\"lt-listing--map\" class=\"lt-listing--map lt-map-main\"><\/div><\/div><\/div><div class=\"half_map-col col-results lt--results-content\" id=\"lt-content-4750\"><a href=\"#lt-map-4750\" class=\"lt-mobile-map-view lt-mobile-control\"><i class=\"fas fa-map-marker-alt\"><\/i>Map<\/a><div class=\"lt-content-inner clearfix\">\n\n<div class=\"lt-filters-wrap\" id=\"lt-filters-wrap\">\n\n\t<form class=\"job_filters lt-listing-filters style-1\">\n\t\t<a class=\"lt-control-search-mobile-close hidden\" href=\"#\"><i class=\"far fa-times-circle\"><\/i><\/a>\n\t\t\n\t\t<div class=\"search_jobs\">\n\n\t\t\t\n\t\t\t<div class=\"lt-search_keywords search_keywords\">\r\n   <label class=\"input-title\" for=\"search_keywords\">\r\n      <i class=\"icon fa-solid fa-globe\"><\/i>\r\n      Buscador   <\/label>\r\n   <div class=\"content-inner\">\r\n      \r\n\t  <input type=\"text\" name=\"search_keywords\" class=\"lt-search-keyword-autocomplete\" id=\"search_keywords\" placeholder=\"\u00bfQu\u00e9 est\u00e1s buscando?\" value=\"\" \/>\r\n      <div class=\"keyword_list_autocomplete\" style=\"display:none;\"><\/div>\r\n   <\/div>\r\n<\/div> \r\n<div class=\"lt-search_categories\">\r\n      <label class=\"input-title\" for=\"search_categories\">\r\n      \t<i class=\"icon fa-solid fa-tags\"><\/i>\r\n      \tCategor\u00eda      <\/label>\r\n\t<div class=\"content-inner\">\r\n\t\t\r\n\t\t<select name='search_categories[]' id='search_categories' class='option-select2-filter'  data-placeholder='Seleccionar Categor\u00eda' data-no_results_text='No se han encontrado resultados' data-multiple_text='Elige alguna opci\u00f3n'>\n<option value=\"\">Todas las Categor\u00edas<\/option>\t<option class=\"level-0\" value=\"23\">Caba\u00f1as<\/option>\n\t<option class=\"level-0\" value=\"49\">Comercios<\/option>\n\t<option class=\"level-0\" value=\"43\">Gastronom\u00eda<\/option>\n\t<option class=\"level-0\" value=\"38\">Hostel<\/option>\n\t<option class=\"level-0\" value=\"29\">Hosterias<\/option>\n\t<option class=\"level-0\" value=\"73\">Posadas<\/option>\n\t<option class=\"level-0\" value=\"54\">Productores - Paseos<\/option>\n<\/select>\n\t<\/div>\t\r\n<\/div>\r\n<div><a class=\"btn-listing-all-filter\" href=\"#\">Todos los filtros<\/a><\/div><div class=\"sidebar-all-filters\"><div class=\"content-inner\">\r\n<div class=\"lt_search_location\">\r\n   <label class=\"input-title\" for=\"_search_location\">\r\n      <i class=\"icon fa-solid fa-location-arrow\"><\/i>\r\n      Ubicaci\u00f3n   <\/label>\r\n   <div class=\"content-inner\">\r\n   \t<div class=\"search-location-inner\">\r\n   \t\t<input type=\"text\" class=\"id_listing_location_text job-manager-filter\" name=\"_search_location\" id=\"lt_input_search_location\" placeholder=\"Introducir ubicaci\u00f3n\" value=\"\" autocomplete=\"off\" \/>\r\n   \t\t<div class=\"places_list_autocomplete\" style=\"display:none;\"><\/div>\r\n   \t<\/div>\r\n   \t<input type=\"hidden\" class=\"job-manager-filter\" id=\"lt_filter_location_value\" name=\"lt_filter_location_value\" value=\"\" \/>\r\n   <\/div>\r\n<\/div><div class=\"search_submit\"><input type=\"submit\" value=\"Buscar\"><\/div><\/div><\/div>\r\n\n\t\t\t<input type=\"hidden\" name=\"lt_layout\" value=\"half_map\" \/>\n\t\t\t<input type=\"hidden\" name=\"lt_layout_item\" value=\"item-list\" \/>\n\t\t\t<input type=\"hidden\" name=\"lt_show_map_top\" value=\"disable\" \/>\n\t\t\t<input type=\"hidden\" name=\"lt_grid_lg\" value=\"3\" \/>\n\t\t\t<input type=\"hidden\" name=\"lt_grid_md\" value=\"2\" \/>\n\t\t\t<input type=\"hidden\" name=\"lt_grid_sm\" value=\"2\" \/>\n\t\t\t<input type=\"hidden\" name=\"lt_grid_xs\" value=\"2\" \/>\n\t\t\t<input type=\"hidden\" name=\"show_tagline\" value=\"no\" \/>\n\t\t\t<input type=\"hidden\" name=\"lt_results_sorting\" class=\"lt_results_sorting job-manager-filter\" value=\"default\" \/>\n\n\t\t\t\n\t\t\t\n\t\t\t\n\t\t<\/div>\n\n\t\t<div class=\"showing_jobs\"><\/div>\t<\/form>\n<\/div>\n\n\n\n<noscript>Your browser does not support JavaScript, or it is disabled. JavaScript must be enabled in order to view listings.<\/noscript>\n\n\n\n\n<div class=\"lt_results-sorting\">\n   <div class=\"results-text\"><span class=\"results-number\"><\/span> Resultados encontrados<\/div>\n   <div class=\"results-sorting\">\n      <select class=\"select_lt_results_sorting\" name=\"select_lt_results_sorting\">\n         <option value=\"default\" selected>Ordenar por defecto<\/option>\n         <option value=\"rating\">Ordenar por valoraci\u00f3n media<\/option>\n         <option value=\"date\">Ordenar por el m\u00e1s nuevo<\/option>\n         <option value=\"date-old\">Ordenar por m\u00e1s antiguo<\/option>\n         <option value=\"featured\">Ordenar por destacado<\/option>\n         <option value=\"random\">Ordenar al azar<\/option>\n      <\/select>\n   <\/div>\n<\/div>\n\n\n<div class=\"job_listings listings-list-inner\">\n \n\n<\/div>\n\n<a class=\"load_more_jobs\" href=\"#\" style=\"display:none;\"><strong>Load more listings<\/strong><\/a><\/div><\/div><\/div><\/div><\/div><\/div>      <\/div>   \r\n\r\n\t<\/div>   \r\n      \r\n<\/div>\r\n\r\n<\/div>\t\t\t\t<\/div>\n\t\t\t\t<\/div>\n\t\t\t\t<\/div>\n\t\t\t\t<\/div>\n\t\t\t\t<\/div>\n\t\t","protected":false},"excerpt":{"rendered":"<p>FiltersContent ViewMap Buscador Categor\u00eda Todas las Categor\u00edasCaba\u00f1asComerciosGastronom\u00edaHostelHosteriasPosadasProductores &#8211; Paseos Todos los filtros Ubicaci\u00f3n Your browser does not support JavaScript, or it is disabled. JavaScript must be enabled in order to [&hellip;]<\/p>\n","protected":false},"author":3,"featured_media":0,"parent":0,"menu_order":0,"comment_status":"closed","ping_status":"closed","template":"","meta":{"footnotes":""},"class_list":["post-1187","page","type-page","status-publish","hentry"],"_links":{"self":[{"href":"https:\/\/aprestursms.org.ar\/web\/wp-json\/wp\/v2\/pages\/1187","targetHints":{"allow":["GET"]}}],"collection":[{"href":"https:\/\/aprestursms.org.ar\/web\/wp-json\/wp\/v2\/pages"}],"about":[{"href":"https:\/\/aprestursms.org.ar\/web\/wp-json\/wp\/v2\/types\/page"}],"author":[{"embeddable":true,"href":"https:\/\/aprestursms.org.ar\/web\/wp-json\/wp\/v2\/users\/3"}],"replies":[{"embeddable":true,"href":"https:\/\/aprestursms.org.ar\/web\/wp-json\/wp\/v2\/comments?post=1187"}],"version-history":[{"count":61,"href":"https:\/\/aprestursms.org.ar\/web\/wp-json\/wp\/v2\/pages\/1187\/revisions"}],"predecessor-version":[{"id":1726,"href":"https:\/\/aprestursms.org.ar\/web\/wp-json\/wp\/v2\/pages\/1187\/revisions\/1726"}],"wp:attachment":[{"href":"https:\/\/aprestursms.org.ar\/web\/wp-json\/wp\/v2\/media?parent=1187"}],"curies":[{"name":"wp","href":"https:\/\/api.w.org\/{rel}","templated":true}]}}